+ 1470 = 0. Let n = 116 + r. What is the tens digit of n?
6
Suppose -2*r + 16677 + 54541 = -2*h, -3*h = 4*r - 142443. What is the tens digit of r?
1
Let y = 11617 + -6814. Suppose -4*x + 360 = 4*d - 3492, d - y = -5*x. What is the tens digit of x?
6
Suppose -30*p + 14*p + 1061640 = 24*p. What is the thousands digit of p?
6
Suppose 5*m = -2*l - 20, 2*m - 8 = l + 4*m. What is the tens digit of l + 962 - (38 - 33)?
5
Let x = 921 - -1275. What is the tens digit of x?
9
Let g = -2930 - -5534. What is the units digit of g?
4
Let y(l) = -l**3 + 10*l**2 - 22. Let h(w) = -2*w - 28. Let o be h(-16). Suppose 3*g - o*f - 15 = 0, -4*f + f + 9 = 0. What is the units digit of y(g)?
9
Let v(d) = -2*d**2 - 33*d - 17. Let j be v(-16). Let w be (-6)/(j + -2)*(-1)/1. What is the units digit of (-366)/(-6) + 1*w?
9
Let q be 1/5 - (-144)/30. Suppose -3*z + 4*c + c = 20, -5*z + q*c = 20. Suppose z*t + 5*t - 475 = 0. What is the units digit of t?
5
Let a be (-6)/(-48) - 198/48. What is the units digit of a/(-22) - (-6807)/(-33)*-3?
9
Suppose -187*z - 115524 = -199*z. What is the thousands digit of z?
9
Let q(f) = 18*f - 14. Let u be q(12). Suppose 6*b = 5*b - d + u, 598 = 3*b + 5*d. What is the units digit of b?
6
Let m = 264 + -110. Suppose -h = -m - 2. What is the hundreds digit of h?
1
Suppose -134*m + 560559 + 2319510 = 85*m. What is the ten thousands digit of m?
1
Let s be ((-80)/(-15) + -6)*(-1 + -3521). What is the tens digit of 15/(-35) + s/7?
3
Let y(g) = -81*g**3 - 12*g**2 + 18*g + 93. What is the ten thousands digit of y(-9)?
5
Let d be (-32)/4 + -3 + 8. Let h(l) = 46*l**2 + 10*l + 3. What is the tens digit of h(d)?
8
Suppose 0 = 6*d - d + 25. Let f(n) = -6*n**3 + 2*n**2 + 2*n - 7. Let p be f(d). What is the units digit of (p/(-18))/((-3)/6)?
7
Let r = 83 - 83. Suppose -5*u - 3*i + 2149 = r, -4*u + u = -5*i - 1303. Suppose 0 = 2*m + 3*a - u, -4*m - 182 = -a - 1023. What is the tens digit of m?
1
Let w(b) = b**3 - 141*b**2 - 427*b + 637. What is the tens digit of w(146)?
7
Let t = 34 - 33. Let s be -18 + 19 + t*-3*-1. Suppose -s*r + 7 = -301. What is the tens digit of r?
7
Let q = -15 + 35. Suppose q*i - 19*i = 165. Suppose -2*l = -79 - i. What is the tens digit of l?
2
Suppose 0 = y - 0*y - 32. Suppose 0 = 9*g - g - y. What is the units digit of (-4 + 64/(-3))/(g/(-6))?
8
What is the thousands digit of (0 + 3/(-12))/((-62)/625208)?
2
Let a = 2829 - 1858. What is the hundreds digit of a?
9
Suppose 67*h - 69*h = -10. Let u(i) = -i**3 + 5*i**2 - 3*i + 8. Let d be u(h). What is the units digit of 275/7 + 2/d?
9
What is the hundreds digit of (2962/(-6))/(((-8)/(-66))/(-4))?
2
Let s(m) = -2*m**2 + 2*m - 8. Let p be s(-5). Let r = -28 - p. Suppose -r = 4*a - 56. What is the units digit of a?
4
Let y be 152/20 - 4 - (-6)/(-10). Suppose -56 + 20 = -y*i. What is the units digit of (-3)/12 + 3 + 2019/i?
1
Suppose s + 9*u - 4*u = 6299, -4*s + 25179 = 3*u. What is the thousands digit of s?
6
What is the tens digit of (54/(-18))/3 + 23*196?
0
Suppose h - 2*u = 54816 - 9842, -179824 = -4*h - u. What is the tens digit of h?
5
Let z = 19617 - -11785. What is the thousands digit of z?
1
Suppose -308 = -4*f - y - 84, -2*f = -5*y - 90. Let n = 985 + f. Suppose 2*c + 8*c = n. What is the hundreds digit of c?
1
Let v(a) = 14*a**2 + 30*a + 524. What is the units digit of v(-22)?
0
Suppose -7*d + 21*d = 154. What is the tens digit of (-3582)/(-10) + d/(-55)?
5
Suppose -51*t = -38*t - 1846. Suppose -t*b + 3091 = -131*b. What is the hundreds digit of b?
2
Let q = 220 + -398. Let h = -255 - q. What is the tens digit of 332/14 + (-22)/h?
2
Let m = 890 - 442. Suppose 3*o + v - m = -33, 0 = -2*o + 3*v + 284. Suppose 2*n + 82 = 5*n + 2*l, -5*n + o = l. What is the units digit of n?
8
What is the thousands digit of ((-11746)/(-35))/((-7)/(-455))?
1
Let u(o) = -o**2 - 25*o - 16. Let s(d) = d**3 + 9*d**2 + d + 13. Let v be s(-9). Suppose -2*q + 4*h - v = 44, 66 = -4*q - 2*h. What is the units digit of u(q)?
0
Let s(q) = -327*q + 2546. What is the units digit of s(-17)?
5
Suppose 0*o + 2*j = 3*o - 52705, -4*j + 16 = 0. What is the units digit of o?
1
Let r(c) = 2*c**2 - c - 5. Let x be r(-8). Suppose -82*g + 18*g = 1600. Let f = g + x. What is the hundreds digit of f?
1
Let b(u) = 2024*u - 22. Let j be b(2). Suppose j = -457*o + 468*o. What is the hundreds digit of o?
3
Let m be (12/3)/(2/(-108)*-4). Suppose 0*p = -6*p + m. Let d(t) = 8*t - 2. What is the tens digit of d(p)?
7
Suppose -4*c = 0, 2*x - 5*c - 8 = x. Let w = 84 - -324. Suppose 11*j = x*j + w. What is the tens digit of j?
3
Suppose -278 = -5*q + 72. Let v(t) = -3*t**3 - 9*t**2 - 4*t - 10. Let o be v(-4). Let x = o + q. What is the tens digit of x?
2
Let s(o) = -44*o + 7. Let f be (2 - -3)*(4 - 5). Let g be s(f). Suppose -43 + g = 8*j. What is the tens digit of j?
2
Let q(b) = -973*b - 388. What is the thousands digit of q(-10)?
9
Let n be 8/3 - 1/(-3). Suppose -2*d = -4*z + 18, 4*z - n*d = 2*d + 15. Let g = 69 - z. What is the tens digit of g?
6
Let s = 1713 + 1869. Suppose 6*q + 3*q - s = 0. What is the tens digit of q?
9
Let x = 82 + -75. Suppose -x*i + 634 = -514. What is the units digit of i?
4
Let y = 634 - -10264. What is the ten thousands digit of y?
1
Let g(w) = 3*w**2 + 9*w + 1. Let a be g(-4). Suppose a*j + 10*j = 6969. What is the hundreds digit of j?
3
Let k(u) = 12*u - 9. Let f be k(-11). Let t be 0 + (1 + f)/2. Let m = 127 + t. What is the tens digit of m?
5
Let z(y) = -5*y**3 - 65*y**2 - 27*y - 67. What is the tens digit of z(-21)?
4
Let f(c) = c**2 - 5*c + 2. Let w be f(5). Suppose -w*n + t + 3*t - 8 = 0, 4*n = 2*t - 28. Let l = -4 - n. What is the units digit of l?
4
Suppose 5*j + 125 = -5*b, b = -0*b + 5. Let z = -20 - j. Suppose n = -z*n + 1474. What is the units digit of n?
4
Suppose 0 = -3*i + 4*i - 5*j - 59, 5*j = -2*i + 73. Let k = i - 42. Suppose l - k*l + 52 = 4*o, 3*o = -4*l + 260. What is the tens digit of l?
6
Let j be ((-1)/(2/(-4)))/(21/(-462)). Let u = j - -53. Suppose u*x - 80 = 4*x. What is the tens digit of x?
1
Let a = 9 + 490. Let x = a + -181. What is the tens digit of x?
1
Let m = 59698 + -33960. What is the ten thousands digit of m?
2
Suppose -z = -4*z - 9, 0 = -2*r + z - 87. Let i be 230*6/r*3. Let m = 178 + i. What is the tens digit of m?
8
Let s be 1/((-3)/(-12)) + 2146 + 0. Suppose -106 = -2*j + s. Suppose a - 13*a + j = 0. What is the units digit of a?
4
Suppose -3*z = 2*r - 51355, 4*z - 11*z = -5*r + 128460. What is the tens digit of r?
8
Let n(o) = 36*o - 15. Let y(j) = -9*j + 4. Let g(l) = 4*n(l) + 15*y(l). Let b be g(0). Suppose 11*r - 19*r + 48 = b. What is the units digit of r?
6
Suppose 0 = -5*g - c - 52, 5*c - c = -8. Let y = 194 + g. Suppose y = 82*i - 78*i. What is the units digit of i?
6
Let k be (16/(-20))/((-24)/10 - -2). Suppose o = 5, o + 105 = -k*r + 4*o. Let q = r - -64. What is the units digit of q?
9
Suppose -p + 72*t = 76*t + 12, 0 = -3*p - 3*t - 9. Suppose 3*u - 5*q - 1143 = 0, u + 2*q = q + 373. Suppose 7*i + i - u = p. What is the units digit of i?
7
Let m(l) = -15700*l - 31. Let s be m(-4). Suppose -s = -10*p - 39*p. What is the thousands digit of p?
1
Let u = -1086 + 4650. What is the units digit of u?
4
Let p be (-1 - 2)*(10 - 11). Suppose 5*m = 17*v - 14*v - 1867, -p*v + m = -1883. What is the tens digit of v?
2
Let k(w) = -12031*w - 255. What is the thousands digit of k(-4)?
7
Suppose b = -1016*h + 1014*h + 17173, -17203 = -b + 3*h. What is the units digit of b?
5
Let o = 78 - 105. Let y = o + 34. What is the units digit of -2 + y/(14/330)?
3
What is the hundreds digit of (-7073995)/274*4/(-5)?
6
Suppose 14 - 4369 = 13*b. Let r = b - -733. What is the tens digit of r?
9
Let r = 5141 - 2809. What is the tens digit of r?
3
What is the hundreds digit of -1 + -8 + (11 + -22 - -22317)?
2
Suppose -34 = -3*v + 5*f, v + f + 20 - 18 = 0. What is the units digit of (2 + v)*1548/60?
9
Let g = 5 + -6. Suppose 16*k - 30 = k. What is the tens digit of (-4 + g + k)*326/(-6)?
6
Suppose 5*u - f = -47, 5*u = 8*u - 2*f + 24. What is the units digit of (88/u)/(8/(-580))?
8
Let k = -1254 - -770. Let l = 697 + k. What is the hundreds digit of l?
2
Let f be -2 + 8 + (0 - -3). Suppose -3*i = -f*i - 252. Let g = i - -86. What is the tens digit of g?
4
Let k(z) = -3*z**3 + 3*z +